it of 1646456/49*21/12?
5
Let c be 86294/234 - (-4)/18. Suppose -p + c = -4*m, -2*m = 5*p - 1710 - 25. What is the hundreds digit of p?
3
Suppose -18*o + 12 = -12*o. What is the hundreds digit of (-57 - (-15)/3)*(-13)/o?
3
Suppose 5*r + 1816 = -5839. What is the units digit of 3 + (-50)/20 + r/(-2)?
6
Let z be 6633/27 + 2/6. Suppose -2*b + 3*i = -z, -4*b - i + 0*i = -506. What is the tens digit of b + -3 + (4 - 1)?
2
Let c(b) = -36*b - 177. Let d be c(15). What is the hundreds digit of d/(8 + (-129)/15)?
1
What is the hundreds digit of 281*-5*(-36)/60?
8
Let l be (-7)/42*4/1*-3. Let x be (1*6/l)/((-3)/(-6)). Suppose s = -x*s + 504. What is the units digit of s?
2
Let j be 0/(5 + 2/(-2)). Suppose j = d - 635 - 189. What is the units digit of d?
4
Let v be ((-6)/4)/(-1) - 230/92. What is the tens digit of -1 - (2 + -1 + v + -243)?
4
Suppose 61*s = 585980 + 130099. What is the units digit of s?
9
Let d = 16825 - 13751. What is the tens digit of d?
7
Let l = 10530 - -4429. What is the thousands digit of l?
4
Let x = -19828 + 21530. What is the tens digit of x?
0
Let p = 2 - -3. Suppose 0 = -p*a + 3*a + 3*a. Suppose a = -3*z - 0*k + 2*k + 211, 2*k = -3*z + 191. What is the tens digit of z?
6
Let k(z) = 27*z**3 + 17*z**2 - 9*z - 503. What is the tens digit of k(8)?
3
Suppose -38*d + 442828 - 93997 = 25*d. What is the thousands digit of d?
5
Let a(j) be the second derivative of -j**5/20 + j**4/12 + j**3 + j**2/2 - 32*j. Let q be a(3). What is the hundreds digit of (-1*298)/(-1 - (q - 0))?
1
Suppose 0 = 19*d - 20488 - 35866. What is the tens digit of d?
6
Suppose 17591 = 3*u - 5*a, 4*u - 30*a + 25*a = 23448. What is the tens digit of u?
5
What is the hundreds digit of (((-104)/(-13))/(-24))/(((-8)/(-42774))/(-4))?
1
Let m be 2 - (-3)/((-2 + 9)/7) - -92. Let q be (-148)/(-2) + 1/1. Let r = m + q. What is the tens digit of r?
7
Let i = -68450 - -115515. What is the units digit of i?
5
Let k(s) = -156*s**3 + 3*s**2 - 26*s - 117. What is the units digit of k(-4)?
9
Let i(k) = -32079*k - 482. What is the ten thousands digit of i(-1)?
3
Let i(o) = o**3 - 49*o**2 + 230*o - 120. What is the tens digit of i(44)?
2
Suppose -4*p + 2786 = p + 4*h, h - 4 = 0. Suppose t + 209 = p. What is the hundreds digit of t?
3
Let g = 58 - 35. Suppose 3*d - g = -t - 0, -5*d - 13 = -3*t. Suppose 3 + t = 7*a. What is the units digit of a?
2
Let h be (8/(-12))/((-8)/(-78))*-12. What is the hundreds digit of (h - 68)*158/4?
3
Suppose -902 - 4684 = 19*l. Let b = 378 + l. What is the tens digit of b?
8
Let c = 17564 + -5127. What is the units digit of c?
7
Let c = 1874 - -10388. What is the ten thousands digit of c?
1
Suppose 0 = 4*p - 0*x + 2*x - 8, 0 = 3*p - x + 4. Suppose p = l + 1, -6*y + 4*l + 373 = -5*y. What is the tens digit of y?
6
Let z(m) = -38*m + 21. Let y be z(7). Let s = y - -134. Let v = s + 163. What is the units digit of v?
2
Let w = -1347 + 1713. What is the hundreds digit of w?
3
What is the hundreds digit of (-106)/901 - 155/(-17) - -825?
8
Let m(i) = i**3 - 22*i**2 + 59*i - 14. Let d be m(19). Suppose -2*q = -u + 102, 3*u = -d*q + 23*q + 306. What is the hundreds digit of u?
1
Suppose -2*l + 5*w - 162 = 0, 5*w - 3*w + 300 = -4*l. Let b = 20 - l. What is the units digit of b?
6
Suppose -59*n + 57*n - g = -1884, 3*g = 4*n - 3788. What is the tens digit of n?
4
Let y be (-3)/(-12)*(8 + 16). Suppose -11*g + 12274 = y*g. What is the tens digit of g?
2
Let p = -44 - -42. What is the hundreds digit of (p/6)/((-1)/609)?
2
Suppose 3*h - s - 2 = s, 0 = 5*s - 10. Let v be (-9)/27*(-318 + 0). What is the tens digit of (-9)/(6 - 3) + v/h?
5
Suppose -28*g + 24853672 = 424*g - 0*g. What is the ten thousands digit of g?
5
What is the hundreds digit of (2/16 - 165/40) + 7008?
0
Suppose 2*x - 16200 = -13*x. Suppose -2*a + 725 = 5*g + 14, -3*a - 3*g + x = 0. What is the hundreds digit of a?
3
Let s be (0 - (-44)/(-8))*-6. Suppose 119 + 34 = 17*c. Let i = s + c. What is the tens digit of i?
4
Suppose 4*y = 3*s - 12, 3*y - 4*y = -2*s + 8. Suppose -4*p + y*p + 576 = 5*w, 4 = p. Suppose 8*x = 6*x + w. What is the units digit of x?
6
Let h = 606 - 599. Let o(r) = 28*r**2 - 32*r + 295. What is the units digit of o(h)?
3
Suppose -1514 = 18*a - 20*a. Let g = a + -538. What is the hundreds digit of g?
2
Suppose -7*r + 7 + 14 = 0. Suppose h = -3*g + 102, -r*g - 2*g = -5. Suppose 5*o - h - 321 = 0. What is the tens digit of o?
8
Let j = 998 + 395. What is the thousands digit of j?
1
Suppose -4*k - 2*a = -130616, 2*k = 418*a - 415*a + 65332. What is the hundreds digit of k?
6
Let v(c) = c**2 + 8*c - 9. Let i be v(-11). Let l = i - 20. Suppose -268 = -l*d - 76. What is the tens digit of d?
4
Let a(g) = g**3 - 53*g**2 - 133*g + 95. What is the hundreds digit of a(57)?
5
Suppose -y - 286*h = -285*h - 1118, 5*h + 1154 = y. What is the thousands digit of y?
1
Suppose -h + 37 = m - 4*h, -5*m = -3*h - 149. Let o = 31 - m. Suppose 4*q - 132 = 6*x - x, 3*q - 96 = o*x. What is the units digit of q?
8
Let u be (1 + -476)/((-5)/10). Suppose -290 = 5*q - u. Suppose -59*p + q = -56*p. What is the units digit of p?
4
Suppose 3*d + 21 = 84. Suppose 0 = m - 24 - d. Suppose -3*c - m = -w - 0*c, 0 = -4*w + 2*c + 210. What is the units digit of w?
4
Suppose -7*o - 4000 = 697. Let i = -235 - o. What is the hundreds digit of i?
4
What is the tens digit of 4540153/376 + (-2)/(-40)*(-5)/(-2)?
7
Suppose -4*f + 6*o + 4170 = 9*o, 4*o = -8. What is the tens digit of f?
4
Let q be (-4 - 0) + (-84)/(-4 - 2). Suppose -5*r = -q*r + 2790. What is the units digit of r?
8
Let q(j) = 6*j**3 - 170*j**2 + 82*j + 72. What is the thousands digit of q(34)?
2
Suppose 0 = -5*l + 18 - 8. Suppose 3*n - 470 = -0*n + l*u, 0 = 3*n - 4*u - 472. Suppose -g + n = 5*g. What is the units digit of g?
6
Let q(h) = -3*h**3 - 12*h**2 - 25*h - 13. What is the units digit of q(-6)?
3
Let u = -386 - -182. Let q = u + 621. Let j = q - 159. What is the units digit of j?
8
Suppose -2*s + 12*x = 17*x - 9384, 3*s = -2*x + 14054. What is the units digit of s?
2
Let k(s) be the third derivative of -s**4/6 - 3*s**3/2 + 2*s**2 + 40. Suppose 0 = -5*m + 4*w - 71, 4*w + 6 = -5*m + 3*m. What is the tens digit of k(m)?
3
Suppose 0 = -12*v + 9*v + 6, -3*l + 2*v - 106 = 0. Let q = l + 38. Suppose q*k - 3*p = -0*k + 65, 2*k = 2*p + 34. What is the units digit of k?
4
Let m(h) = -3*h**2 + 1. Let r be m(1). Suppose -3*a = a - 52. What is the tens digit of 13156/169 - r/a?
7
Let g(u) = 6*u**2 - 243*u - 143. What is the tens digit of g(-12)?
3
Suppose 3*z - 3106 = -0*z + v, z + 3*v = 1032. Let c = z - 721. What is the hundreds digit of c?
3
Let f(s) = 44*s**2 + 7*s + 153. What is the thousands digit of f(14)?
8
Let d(l) = 351*l**2 - 23*l - 54. Let n be d(-2). Suppose 5*u - 609 - n = 0. What is the units digit of u?
1
Suppose -3*s + 2*s + 15 = 0. Suppose -2*x - x + s = 0. Suppose 5*c - 236 = -x*b + 64, 0 = 5*c - 5*b - 340. What is the tens digit of c?
6
Let t = -226 + 286. What is the units digit of (-10)/t - (-1406)/12?
7
Let d(z) = z**2 - 15*z + 17. Let v be d(14). Suppose 4*t = 0, 4*t - t = v*y - 351. Let n = y - 75. What is the units digit of n?
2
Let w = 3729 - 1671. What is the tens digit of w?
5
What is the ten thousands digit of 217/434 - 152277/(-6)?
2
Let n be 4*((-6)/4 + 2). Suppose 21*v - 17*v - 14 = -o, 0 = -3*v + 4*o + 1. Suppose -v = -w - n*w. What is the units digit of w?
1
Let u(q) = 973*q**2 - 20*q + 80. What is the hundreds digit of u(3)?
7
Let d be ((0/(-3))/(-3)*1)/1. Suppose 71 = 5*f - 3*v, -f + 2*v + 11 - 1 = d. Let w = 27 - f. What is the units digit of w?
1
What is the tens digit of 6182 + (-8)/(9 - 17)?
8
Suppose 46*x + 670785 - 2235245 = 0. What is the hundreds digit of x?
0
Let c = -4077 + 5894. What is the tens digit of c?
1
Let o = -418 + 422. Suppose 1016 = 3*p + o*k, -27 + 7 = 5*k. What is the tens digit of p?
4
Let v(q) = -q**3 - 20*q**2 + 57*q + 10. Let m = 84 + -107. What is the hundreds digit of v(m)?
2
Let f be 1*7/((-70)/4)*-5. Suppose 0 = k + 5*z - 12 - 8, -3*k = f*z - 86. What is the tens digit of k?
3
Let l = -90841 + 139545. What is the units digit of l?
4
Let j(y) be the first derivative of -239*y**2/2 + 100*y + 149. What is the tens digit of j(-4)?
5
Let i(y) = y**3 + 4*y**2 - 6*y - 8. Let c be i(-5). What is the tens digit